+ 29*n - 7. Calculate the remainder when f(0) is divided by 15.
14
Let p = 2 - 4. Let v be -2 + 0 - (p - -3). Let u = 2 - v. What is the remainder when 9 is divided by u?
4
Suppose 2*l - 29 + 3 = 0. Suppose -2*j + 6*j = 8, 3*j = -2*t + 16. What is the remainder when l is divided by t?
3
Let q = -957 + 980. What is the remainder when 350/8 + 1/4 is divided by q?
21
Suppose -3*k - d = -12, -2*k + 5*k = -4*d + 3. What is the remainder when 22 is divided by k?
2
What is the remainder when 14/(-6) - -3 - 364/(-12) is divided by 9?
4
Let m be (-2)/7 - (-60)/14. Let w = m + 12. What is the remainder when w is divided by 6?
4
Suppose -7*q + 9*q = -6. Calculate the remainder when ((-5)/3 - 2)*q is divided by 4.
3
Let u = -2 + 5. Suppose -3*z + y = -8, -2*z + z - u*y = 4. What is the remainder when z is divided by 1 - (2*-1 + 2)?
0
What is the remainder when 33 is divided by 14/(-3)*(-9)/6?
5
Suppose 7*g - 232 = 237. What is the remainder when g is divided by 14?
11
Let u = 71 + -39. What is the remainder when 61 is divided by u?
29
Suppose -20 - 108 = -4*g. What is the remainder when 158 is divided by g?
30
Let k be 29/3 - (-1)/3. Suppose 2*c - 154 = -5*n, 2*n + 4*c = 42 + k. Calculate the remainder when n is divided by 11.
10
Let b(a) = -a + 20. Suppose 0 = -0*w + 2*w - 3*r - 48, w = 4*r + 29. Calculate the remainder when w is divided by b(12).
5
Let m = -3 - -21. What is the remainder when 34 is divided by m?
16
What is the remainder when 2/(-8) + 980/16 is divided by 16?
13
Let z be (-186)/15 + 4/10. Let t = -2 - z. Suppose -w = -2*w + t. What is the remainder when 28 is divided by w?
8
Suppose b - 3*b = 4*g, b - g - 6 = 0. Suppose 2*i - 4*u + 5 - 21 = 0, b*u = 5*i - 16. Calculate the remainder when 23 is divided by (12/(-15) + i)*-15.
11
Let r(s) = -4*s - 17. What is the remainder when 76 is divided by r(-7)?
10
Suppose -q + 2*a = 3*q - 62, 0 = 2*q - 4*a - 22. Calculate the remainder when 82 is divided by q.
14
Let y = 11 + -7. Suppose 35 - 88 = -3*v + 4*s, 2*s + y = 0. Suppose 2*o = 11 + 5. What is the remainder when v is divided by o?
7
Let t = 97 + -64. Calculate the remainder when 96 is divided by t.
30
Suppose -3*v = -7 + 4. What is the remainder when 2 is divided by v?
0
Let n = -18 - -44. Calculate the remainder when 49 is divided by n.
23
Let d(y) be the second derivative of -y**4/12 - 7*y**3/6 - 7*y**2/2 - 2*y. Let g be d(-5). Let l = 6 - g. What is the remainder when 5 is divided by l?
2
Suppose l + 2*l = 30. Let b(d) = -7 + 1 + 3 - 2*d. What is the remainder when b(-16) is divided by l?
9
Let j = 22 + -3. Let q(z) = -z**3 + 7*z**2 + 5. What is the remainder when q(5) is divided by j?
17
Suppose -y - 17 = -2*y. What is the remainder when 32 is divided by y?
15
Let t = -2 - -5. Suppose -80 = -t*a - a. What is the remainder when a is divided by 7?
6
Let w(l) = -l**2 - 9*l + 5. Suppose h - 2 - 11 = 0. Calculate the remainder when w(-5) is divided by h.
12
Suppose 56 = 3*x + x. Let m be (3/(-2))/((-6)/8). Let v(b) = b**2 + 2*b - 3. Calculate the remainder when x is divided by v(m).
4
Let y = 284 - 201. Calculate the remainder when y is divided by 21.
20
Suppose 0*s = -3*s - 2*i + 20, -3*s + 5*i = -55. Suppose -2*v - 5*z + 63 = 0, -v = 4*v - z - 198. Calculate the remainder when v is divided by s.
9
Let f(b) = -b**2 + 11*b + 8. Let n = -5 - -9. What is the remainder when f(9) is divided by 57/n - 1/4?
12
Calculate the remainder when (0 - 14/5)*-15 is divided by 11.
9
Suppose x + 0*x = 0. Suppose x = 3*h - 15 + 3. Suppose 2*r - 17 = 3. What is the remainder when r is divided by h?
2
Suppose -53 + 14 = -3*i. Suppose m - 92 = -3*m. What is the remainder when m is divided by i?
10
Suppose 4*z - 20 = -4*y, -2*z - 4 = -14. Suppose -4*n + 3*n + 39 = y. What is the remainder when 75 is divided by n?
36
Let o = 556 - 528. Suppose 2*c - 122 - 42 = 0. Calculate the remainder when c is divided by o.
26
Let k be 27/(-18) - 3/(-2). What is the remainder when (9 - -2) + k/2 is divided by 3?
2
Let w(h) = h**3 - 6*h**2 - 5. Let r be w(7). Suppose -121 = -3*t + r. What is the remainder when t is divided by 14?
13
Let p = -2 - -6. Calculate the remainder when 31 is divided by ((-6)/(-8) - -2)*p.
9
Let n(u) = u + 28. Suppose 48 = 4*a + 2*d, -3*a + 3*d = -2*a - 12. Let j = a + -5. Calculate the remainder when n(-15) is divided by j.
6
What is the remainder when ((-48)/(-40))/(2/130) is divided by 16?
14
Suppose -4*w + 61 = 3*y, 3*w - 150 = -5*y - 30. What is the remainder when y is divided by 7?
6
Let o(p) be the second derivative of 0 + 1/3*p**3 + 4*p - 2*p**2 + 7/12*p**4. Calculate the remainder when o(3) is divided by 22.
21
Suppose 17 = 4*q - m, 3*m = 4*q - 0*m - 19. Suppose -7 + 51 = q*l. Let x = -9 - -15. Calculate the remainder when l is divided by x.
5
What is the remainder when (61 - -8)/(2*1/2) is divided by 14?
13
Let m(h) = h**3 - 9*h**2 + 17*h - 6. What is the remainder when 149 is divided by m(7)?
14
Let j be 2 - (-2)/((-2)/3). Calculate the remainder when j + (2 - -1)*1 is divided by 4 - (0/3 + 2).
0
Let z(g) = g**2 + g - 7. Calculate the remainder when 0 - (-64 - 3)*1 is divided by z(-7).
32
Suppose 5*v - 58 + 13 = 0. Let s(q) = q**2 - 20*q - 29. What is the remainder when s(22) is divided by v?
6
Suppose 4*i - 3 = 1. Let f = i - -6. Calculate the remainder when 12 is divided by f.
5
Let n(i) = i**3 + 4*i**2 + 4*i + 5. What is the remainder when 3 is divided by n(-3)?
1
Let z(i) = -i + 11*i**2 - 2*i + 4*i - 1 + i. Calculate the remainder when z(2) is divided by 24.
23
Suppose -6*a + 134 = -4*a. What is the remainder when a is divided by 18?
13
Let f(j) = -j**2 + 16*j + 12. What is the remainder when f(14) is divided by 21?
19
Let s be 1/(-4) + (-1071)/36. Let a = 74 + s. Calculate the remainder when a is divided by (2/4)/(2/92).
21
Let j = 49 + -35. Suppose -5*b + b = -o + 13, -5*b = 4*o - 10. Calculate the remainder when j is divided by o.
4
Let w(a) = -a**2 + 9*a + 12. Let d be w(10). Suppose h + d*b + 66 = 5*h, -2*h + 5*b + 45 = 0. What is the remainder when h is divided by (24/15)/((-2)/(-10))?
7
What is the remainder when 201/6*2/1 is divided by 14?
11
Let a(j) = 55*j + 2. Calculate the remainder when a(2) is divided by 19.
17
Let y(t) = -t + 5. Let v be y(3). Suppose -3 = -v*w + w. Suppose 4*u - 3*d = 215, -4*u = -w*u - d - 53. What is the remainder when u is divided by 19?
18
Suppose 0 = 4*z - 5*a - 19, -z = -a + 2*a - 7. Suppose 4*w + 11 = 51. Calculate the remainder when w is divided by z.
4
Let l(h) = -h**3 - 5*h**2 - 8*h - 6. What is the remainder when l(-5) is divided by 18?
16
Let v(u) = 13*u**2 + 13*u + 60. Let a(k) = -3*k**2 - 13 + 0*k - 3*k - 2. Let t(o) = -9*a(o) - 2*v(o). Calculate the remainder when 29 is divided by t(0).
14
What is the remainder when 23 is divided by (13 + 13)*(3/2)/3?
10
Suppose 0*g = 5*g. Suppose g = c - 36 + 12. Calculate the remainder when 70 is divided by c.
22
Suppose -6 = 3*s, -4*t + 0*s = 2*s - 44. Suppose 0 = p + 5 - 27. What is the remainder when p is divided by t?
10
What is the remainder when 45 is divided by (20/25)/(39/(-20) - -2)?
13
Let f(r) = -r**3 - 2*r - 2. What is the remainder when f(-4) is divided by 15?
10
Let t = -37 + 49. What is the remainder when 22 is divided by t?
10
Let c = 132 + -129. Calculate the remainder when 30 is divided by c.
0
Let z(d) = -d**3 - 8*d**2 + 6*d - 9. Suppose -n + 28 = r - 1, 3*r + 15 = 0. What is the remainder when n is divided by z(-9)?
16
Suppose 2*p = 5*k, 4*p - k - 2*k = 28. Calculate the remainder when 28 is divided by p.
8
Suppose -5*j - 75 = w, 0 = -0*j + 4*j - 2*w + 46. Calculate the remainder when 40 is divided by (-10)/35 - 200/j.
12
Let r(d) = d**2 + 7*d + 7. What is the remainder when 12 is divided by r(-7)?
5
Suppose -5*c = -4 - 11. Let f be -13 + (2 - (1 - 1)). Let u = 13 + f. What is the remainder when c is divided by u?
1
Suppose 0 = -q - q + 20. Let o = q + -5. Suppose -2*i = -i - o. What is the remainder when i is divided by 3?
2
Let u(r) = -87*r + 6. Calculate the remainder when u(-1) is divided by 24.
21
Let d(p) = -3*p**2 - 21*p + 6. What is the remainder when 9 is divided by d(-7)?
3
Let d(l) = 13*l**2 - 2*l + 1. Calculate the remainder when 239 is divided by d(-1).
15
Let w(o) = o**2 - 6*o + 7. Let z be w(5). Suppose g + g = -z*j + 4